{"id":396,"date":"2018-12-14T07:20:48","date_gmt":"2018-12-14T07:20:48","guid":{"rendered":"http:\/\/builderry.wgl-demo.net\/?page_id=396"},"modified":"2024-11-14T19:26:34","modified_gmt":"2024-11-14T18:26:34","slug":"about-us","status":"publish","type":"page","link":"https:\/\/zengoalfold.hu\/?page_id=396","title":{"rendered":"R\u00f3lunk"},"content":{"rendered":"<div class=\"wpb-content-wrapper\">[vc_row][vc_column offset=&#8221;vc_col-md-6&#8243;][wgl_image_layers values=&#8221;%5B%7B%22thumbnail%22%3A%221055%22%2C%22image_animation%22%3A%22slide_up%22%2C%22image_order%22%3A%221%22%7D%2C%7B%22thumbnail%22%3A%221056%22%2C%22image_animation%22%3A%22slide_up%22%2C%22image_order%22%3A%221%22%7D%5D&#8221;][\/vc_column][vc_column offset=&#8221;vc_col-lg-offset-1 vc_col-lg-5 vc_col-md-6&#8243;][wgl_spacing spacer_size=&#8221;38&#8243;][wgl_double_headings title_color=&#8221;#313131&#8243; subtitle_color=&#8221;#FDB900&#8243; title=&#8221;Zeng\u0151 Alf\u00f6ld Kft.&#8221; subtitle=&#8221;r\u00f3lunk&#8221;][wgl_spacing spacer_size=&#8221;22&#8243;][wgl_custom_text font_size=&#8221;18&#8243;]\u201eB\u00fcszk\u00e9k vagyunk arra, hogy csal\u00e1di v\u00e1llalkoz\u00e1sunk az \u00e9vek sor\u00e1n egy <strong>meghat\u00e1roz\u00f3 szerepl\u0151v\u00e9 n\u0151tte ki mag\u00e1t<\/strong> az \u00e9p\u00edt\u0151anyag-kereskedelemben. Sz\u00e1munkra a legfontosabb, hogy \u00fcgyfeleink minden ig\u00e9ny\u00e9t marad\u00e9ktalanul kiel\u00e9g\u00edts\u00fck, legyen sz\u00f3 kis vagy nagy projektr\u0151l.[\/wgl_custom_text][wgl_spacing spacer_size=&#8221;18&#8243;][vc_column_text]Az alapelveink a min\u0151s\u00e9g, megb\u00edzhat\u00f3s\u00e1g \u00e9s gyorsas\u00e1g, amit t\u00f6bb mint 25 \u00e9v tapasztalat\u00e1val t\u00e1mogatunk meg. C\u00e9lunk, hogy partnereink hossz\u00fa t\u00e1v\u00fa siker\u00e9hez j\u00e1ruljunk hozz\u00e1 a legjobb megold\u00e1sokkal \u00e9s szolg\u00e1ltat\u00e1sokkal.[\/vc_column_text][wgl_spacing spacer_size=&#8221;30px&#8221;][vc_row_inner][vc_column_inner width=&#8221;7\/12&#8243;][vc_column_text]\n<h4 style=\"color: #313131; font-weight: 600; font-size: 18px;\">Putnik Ljubomir<\/h4>\n<div class=\"wgl-theme-color\" style=\"font-size: 13px; text-transform: uppercase; font-weight: 600; line-height: 20px;\">Tulajdonos<\/div>\n[\/vc_column_text][\/vc_column_inner][vc_column_inner width=&#8221;5\/12&#8243;][wgl_spacing spacer_size=&#8221;15px&#8221;][\/vc_column_inner][\/vc_row_inner][\/vc_column][\/vc_row][vc_row][vc_column][wgl_spacing spacer_size=&#8221;90&#8243;][\/vc_column][\/vc_row][vc_row][vc_column width=&#8221;1\/2&#8243; offset=&#8221;vc_col-lg-4&#8243;][wgl_info_box ib_layout=&#8221;left&#8221; icon_type=&#8221;font&#8221; icon_font_type=&#8221;type_flaticon&#8221; icon_flaticon=&#8221;flaticon-paint&#8221; title_size=&#8221;18&#8243; title_weight=&#8221;700&#8243; title_bot_offset=&#8221;5&#8243; content_size=&#8221;14&#8243; content_line_height=&#8221;24&#8243; ib_title=&#8221;Innov\u00e1ci\u00f3 \u00e9s Tervez\u00e9s&#8221; ib_content=&#8221;Az innov\u00e1ci\u00f3 \u00e9s a kreat\u00edv megold\u00e1sok visznek minket el\u0151re.&#8221; ib_offsets=&#8221;.vc_custom_1728393818933{border-top-width: 1px !important;border-right-width: 1px !important;border-bottom-width: 1px !important;border-left-width: 1px !important;padding-top: 27px !important;padding-right: 40px !important;padding-bottom: 27px !important;padding-left: 40px !important;}&#8221; custom_icon_bg_width=&#8221;52&#8243; custom_icon_bg_height=&#8221;57&#8243;][wgl_spacing spacer_size=&#8221;30px&#8221;][\/vc_column][vc_column width=&#8221;1\/2&#8243; offset=&#8221;vc_col-lg-4&#8243;][wgl_info_box ib_layout=&#8221;left&#8221; icon_type=&#8221;font&#8221; icon_font_type=&#8221;type_flaticon&#8221; icon_flaticon=&#8221;flaticon-screw-1&#8243; title_size=&#8221;18&#8243; title_weight=&#8221;700&#8243; title_bot_offset=&#8221;5&#8243; content_size=&#8221;14&#8243; content_line_height=&#8221;24&#8243; ib_title=&#8221;Anyagok \u00e9s Er\u0151forr\u00e1sok&#8221; ib_content=&#8221;Kiv\u00e1l\u00f3 min\u0151s\u00e9g\u0171 anyagokkal \u00e9p\u00edtj\u00fck a j\u00f6v\u0151t.&#8221; ib_offsets=&#8221;.vc_custom_1728393807718{border-top-width: 1px !important;border-right-width: 1px !important;border-bottom-width: 1px !important;border-left-width: 1px !important;padding-top: 27px !important;padding-right: 40px !important;padding-bottom: 27px !important;padding-left: 40px !important;}&#8221; custom_icon_bg_width=&#8221;52&#8243; custom_icon_bg_height=&#8221;57&#8243; icon_offsets=&#8221;.vc_custom_1728393807734{margin-right: 17px !important;margin-bottom: 17px !important;}&#8221;][wgl_spacing spacer_size=&#8221;30px&#8221;][\/vc_column][vc_column width=&#8221;1\/2&#8243; offset=&#8221;vc_col-lg-offset-0 vc_col-lg-4 vc_col-sm-offset-3&#8243;][wgl_info_box ib_layout=&#8221;left&#8221; icon_type=&#8221;font&#8221; icon_font_type=&#8221;type_flaticon&#8221; icon_flaticon=&#8221;flaticon-ruler&#8221; title_size=&#8221;18&#8243; title_weight=&#8221;700&#8243; title_bot_offset=&#8221;5&#8243; content_size=&#8221;14&#8243; content_line_height=&#8221;24&#8243; class=&#8221;im_message_text&#8221; ib_content=&#8221;Mindig k\u00f6zel vagyunk \u00fcgyfeleinkhez.&#8221; ib_offsets=&#8221;.vc_custom_1728393862201{border-top-width: 1px !important;border-right-width: 1px !important;border-bottom-width: 1px !important;border-left-width: 1px !important;padding-top: 27px !important;padding-right: 45px !important;padding-bottom: 27px !important;padding-left: 45px !important;}&#8221; custom_icon_bg_width=&#8221;52&#8243; custom_icon_bg_height=&#8221;57&#8243; icon_offsets=&#8221;.vc_custom_1728393862209{margin-right: 17px !important;}&#8221; ib_title=&#8221;Elhelyezked\u00e9s \u00e9s Kapcsolatok&#8221;][wgl_spacing spacer_size=&#8221;30px&#8221;][\/vc_column][\/vc_row][vc_row full_width=&#8221;stretch_row&#8221;][vc_column][wgl_spacing spacer_size=&#8221;70&#8243;][\/vc_column][\/vc_row][vc_row full_width=&#8221;stretch_row&#8221; css=&#8221;.vc_custom_1544803719425{background-color: #f7f7f7 !important;}&#8221;][vc_column][wgl_spacing spacer_size=&#8221;65&#8243;][wgl_double_headings title_color=&#8221;#313131&#8243; subtitle_color=&#8221;#FDB900&#8243; title=&#8221;Tudjon meg t\u00f6bbet!&#8221; subtitle=&#8221;r\u00f3lunk&#8221;][wgl_spacing spacer_size=&#8221;22&#8243;][vc_row_inner][vc_column_inner][vc_images_carousel images=&#8221;1061,1062,1060,1068,1069,1070,1071,1072,1073,1074,1075&#8243; img_size=&#8221;full&#8221; speed=&#8221;1500&#8243; autoplay=&#8221;yes&#8221; hide_pagination_control=&#8221;yes&#8221; wrap=&#8221;yes&#8221; css_animation=&#8221;fadeIn&#8221;][wgl_spacing spacer_size=&#8221;50px&#8221;][vc_column_text]A Zeng\u0151 Alf\u00f6ld Kft. 1994-ben indult 3 f\u0151s csal\u00e1di v\u00e1llalkoz\u00e1sk\u00e9nt, \u00e9s 2006 \u00f3ta foglalkozik \u00e9p\u00edt\u0151anyag kis- \u00e9s nagykereskedelemmel. A v\u00e1llalkoz\u00e1s 2009-ben \u00e1talakult Korl\u00e1tolt Felel\u0151ss\u00e9g\u0171 T\u00e1rsas\u00e1gg\u00e1. Az \u00e9vek sor\u00e1n folyamatosan b\u0151v\u00edtett\u00fck k\u00edn\u00e1latunkat, \u00e9s 2011-ben <strong>egy \u00faj 5000 m\u00b2-es telephelyet nyitottunk Szegeden<\/strong>, a Makai \u00faton, mely jelent\u0151sen n\u00f6velte piaci szerepv\u00e1llal\u00e1sunkat Csongr\u00e1d megy\u00e9ben. <strong>T\u00f6bb mint 100 gy\u00e1rt\u00f3val \u00e1llunk kapcsolatban 15 orsz\u00e1gban<\/strong>, \u00edgy \u00fcgyfeleinknek sz\u00e9les v\u00e1laszt\u00e9kot, versenyk\u00e9pes \u00e1rakat, gyors kisz\u00e1ll\u00edt\u00e1st \u00e9s szak\u00e9rt\u0151i tan\u00e1csad\u00e1st biztos\u00edtunk.[\/vc_column_text][wgl_spacing spacer_size=&#8221;50px&#8221;][vc_single_image image=&#8221;1061&#8243; img_size=&#8221;full&#8221;][wgl_spacing spacer_size=&#8221;50px&#8221;][vc_column_text]C\u00e9g\u00fcnk c\u00e9lja, hogy a <strong>legmagasabb szint\u0171 szolg\u00e1ltat\u00e1s<\/strong>t ny\u00fajtsa az \u00e9p\u00edtkez\u00e9si \u00e9s fel\u00faj\u00edt\u00e1si projektek minden szakasz\u00e1ban. T\u00f6bb mint 18 \u00e9ves tapasztalatunk \u00e9s kiterjedt nemzetk\u00f6zi kapcsolataink r\u00e9v\u00e9n a Zeng\u0151 Alf\u00f6ld <strong>kiv\u00e1l\u00f3 min\u0151s\u00e9g<\/strong>\u0171 \u00e9p\u00edt\u0151anyagokkal \u00e9s <strong>megb\u00edzhat\u00f3 szolg\u00e1ltat\u00e1sok<\/strong>kal j\u00e1rul hozz\u00e1 \u00fcgyfelei sikereihez.<\/p>\n<p>&nbsp;[\/vc_column_text][vc_single_image image=&#8221;1059&#8243; img_size=&#8221;full&#8221;][\/vc_column_inner][\/vc_row_inner][\/vc_column][\/vc_row]\n<\/div>","protected":false},"excerpt":{"rendered":"<p>[vc_row][vc_column offset=&#8221;vc_col-md-6&#8243;][wgl_image_layers values=&#8221;%5B%7B%22thumbnail%22%3A%221055%22%2C%22image_animation%22%3A%22slide_up%22%2C%22image_order%22%3A%221%22%7D%2C%7B%22thumbnail%22%3A%221056%22%2C%22image_animation%22%3A%22slide_up%22%2C%22image_order%22%3A%221%22%7D%5D&#8221;][\/vc_column][vc_column offset=&#8221;vc_col-lg-offset-1 vc_col-lg-5 vc_col-md-6&#8243;][wgl_spacing spacer_size=&#8221;38&#8243;][wgl_double_headings title_color=&#8221;#313131&#8243; subtitle_color=&#8221;#FDB900&#8243; title=&#8221;Zeng\u0151 Alf\u00f6ld Kft.&#8221; subtitle=&#8221;r\u00f3lunk&#8221;][wgl_spacing spacer_size=&#8221;22&#8243;][wgl_custom_text font_size=&#8221;18&#8243;]\u201eB\u00fcszk\u00e9k vagyunk arra, hogy csal\u00e1di v\u00e1llalkoz\u00e1sunk az \u00e9vek sor\u00e1n egy meghat\u00e1roz\u00f3 szerepl\u0151v\u00e9 n\u0151tte ki mag\u00e1t az \u00e9p\u00edt\u0151anyag-kereskedelemben. Sz\u00e1munkra a legfontosabb, hogy \u00fcgyfeleink minden ig\u00e9ny\u00e9t marad\u00e9ktalanul kiel\u00e9g\u00edts\u00fck, legyen sz\u00f3 kis vagy nagy projektr\u0151l.[\/wgl_custom_text][wgl_spacing spacer_size=&#8221;18&#8243;][vc_column_text]Az alapelveink a min\u0151s\u00e9g, megb\u00edzhat\u00f3s\u00e1g \u00e9s gyorsas\u00e1g, amit t\u00f6bb [&hellip;]<\/p>\n","protected":false},"author":1,"featured_media":0,"parent":0,"menu_order":0,"comment_status":"closed","ping_status":"closed","template":"","meta":{"footnotes":""},"class_list":["post-396","page","type-page","status-publish","hentry"],"_links":{"self":[{"href":"https:\/\/zengoalfold.hu\/index.php?rest_route=\/wp\/v2\/pages\/396","targetHints":{"allow":["GET"]}}],"collection":[{"href":"https:\/\/zengoalfold.hu\/index.php?rest_route=\/wp\/v2\/pages"}],"about":[{"href":"https:\/\/zengoalfold.hu\/index.php?rest_route=\/wp\/v2\/types\/page"}],"author":[{"embeddable":true,"href":"https:\/\/zengoalfold.hu\/index.php?rest_route=\/wp\/v2\/users\/1"}],"replies":[{"embeddable":true,"href":"https:\/\/zengoalfold.hu\/index.php?rest_route=%2Fwp%2Fv2%2Fcomments&post=396"}],"version-history":[{"count":14,"href":"https:\/\/zengoalfold.hu\/index.php?rest_route=\/wp\/v2\/pages\/396\/revisions"}],"predecessor-version":[{"id":1136,"href":"https:\/\/zengoalfold.hu\/index.php?rest_route=\/wp\/v2\/pages\/396\/revisions\/1136"}],"wp:attachment":[{"href":"https:\/\/zengoalfold.hu\/index.php?rest_route=%2Fwp%2Fv2%2Fmedia&parent=396"}],"curies":[{"name":"wp","href":"https:\/\/api.w.org\/{rel}","templated":true}]}}