{"id":1548,"date":"2025-09-01T14:34:13","date_gmt":"2025-09-01T12:34:13","guid":{"rendered":"https:\/\/zengoalfold.com\/?post_type=product&#038;p=1548"},"modified":"2025-09-01T14:36:17","modified_gmt":"2025-09-01T12:36:17","slug":"caterpillar-dx17-utvefuro-750w-13mm","status":"publish","type":"product","link":"https:\/\/zengoalfold.hu\/?product=caterpillar-dx17-utvefuro-750w-13mm","title":{"rendered":"Caterpillar DX17 \u00dctvef\u00far\u00f3 750W 13mm"},"content":{"rendered":"<section class=\"page-section page-section-light gtm_product-page-description\" data-test=\"page-section\">\n<div class=\"container pb-5\">\n<div id=\"collapse-wrapper-description\">\n<div class=\"product-page-description description-banner-right\">\n<div class=\"product-page-description-text\">\n<div id=\"description-body\" class=\"collapse-offset in\">\n<h1>CAT f\u00far\u00f3, 750 W, DX17 modell<\/h1>\n<p><strong>Megb\u00edzhat\u00f3 partner minden helyzetben!<\/strong><\/p>\n<p>A<span>\u00a0<\/span><strong>CAT DX17<\/strong><span>\u00a0<\/span>f\u00far\u00f3 egy olyan szersz\u00e1m, amely a tart\u00f3ss\u00e1got \u00e9s a megb\u00edzhat\u00f3s\u00e1got helyezi el\u0151t\u00e9rbe. Massz\u00edv \u00e9s kompakt teste f\u00e9m f\u00far\u00f3tart\u00f3val kombin\u00e1lva nagy tart\u00f3ss\u00e1got garant\u00e1l, \u00edgy minden otthon \u00e9s m\u0171hely n\u00e9lk\u00fcl\u00f6zhetetlen felszerel\u00e9se. 750 W-os teljes\u00edtm\u00e9nnyel felszerelve, maxim\u00e1lis f\u00far\u00e1si teljes\u00edtm\u00e9nyt ny\u00fajt f\u00e1ban 30 mm-ig, f\u00e9mben 13 mm-ig \u00e9s betonban 16 mm-ig. A v\u00e1ltoztathat\u00f3 fordulatsz\u00e1m\u00fa kapcsol\u00f3 el\u0151re \u00e9s h\u00e1tra forgat\u00e1ssal \u00e9s egy z\u00e1r funkci\u00f3val teljes ir\u00e1ny\u00edt\u00e1st biztos\u00edt a f\u00far\u00e1si folyamat felett. Ezenk\u00edv\u00fcl a puha gumibevonat\u00fa foganty\u00fa \u00e9s a t\u00e1pk\u00e1bel g\u00f6mbcsukl\u00f3ja n\u00f6veli a haszn\u00e1lat k\u00e9nyelm\u00e9t \u00e9s v\u00e9di a vezet\u00e9ket a s\u00e9r\u00fcl\u00e9sekt\u0151l. 0-3000 ford.\/perc sebess\u00e9g\u00e9vel \u00e9s ak\u00e1r 48000 \u00fct\u00e9s\/perc \u00fct\u00e9si sebess\u00e9g\u00e9vel kiv\u00e9teles teljes\u00edtm\u00e9nyt \u00e9s pontoss\u00e1got k\u00edn\u00e1l. K\u00f6nny\u0171, mind\u00f6ssze 1,80 kg s\u00faly\u00fa, hossz\u00fa t\u00e1v\u00fa munk\u00e1t tesz lehet\u0151v\u00e9 a k\u00e9z f\u00e1rad\u00e1sa n\u00e9lk\u00fcl.<\/p>\n<p><strong>Jellemz\u0151k:<\/strong><\/p>\n<ul>\n<li>Alternat\u00edv forgat\u00e1s<\/li>\n<li>F\u00e9m m\u00e9lys\u00e9gjelz\u0151<\/li>\n<li>V\u00e1ltoztathat\u00f3 sebess\u00e9g\u0171 kapcsol\u00f3<\/li>\n<li>Z\u00e1r kapcsol\u00f3<\/li>\n<li>Gum\u00edrozott markolatrendszer<\/li>\n<li>Goly\u00f3s csukl\u00f3s k\u00e1bel megv\u00e9di a t\u00f6r\u00e9st\u0151l<\/li>\n<li>36 h\u00f3nap garancia!<\/li>\n<\/ul>\n<p><strong>M\u0171szaki adatok:<\/strong><\/p>\n<ul>\n<li>Teljes\u00edtm\u00e9ny: 750W<\/li>\n<li>\u00dcresj\u00e1rati sebess\u00e9g 0-3000\/perc<\/li>\n<li>\u00dct\u00e9si sebess\u00e9g 0-48000 bpm<\/li>\n<li>Tokm\u00e1ny m\u00e9rete: 13 mm<\/li>\n<li>F\u00far\u00f3teljes\u00edtm\u00e9ny: 16 mm falazat 30 mm fa, 13 mm f\u00e9m<\/li>\n<li>A g\u00e9p s\u00falya: 1,80 kg<\/li>\n<\/ul>\n<p>A csomag tartalma:<\/p>\n<ul>\n<li>1 db. Seg\u00e9dfoganty\u00fa<\/li>\n<li>1 db. Tokm\u00e1ny kulcs<\/li>\n<li>1 db. M\u00e9lys\u00e9gjelz\u0151<\/li>\n<\/ul>\n<p><img decoding=\"async\" class=\"lazy\" src=\"https:\/\/cdn.shopify.com\/s\/files\/1\/2414\/4055\/files\/CAT_logo.jpg?v=1723464287\" alt=\"\" width=\"\" height=\"\" align=\"\" data-src=\"https:\/\/cdn.shopify.com\/s\/files\/1\/2414\/4055\/files\/CAT_logo.jpg?v=1723464287\" data-loaded=\"1\" \/><\/p>\n<p><strong>CAT\u00ae POWER SZERSZ\u00c1MOK \u2013 A M\u00c1RK\u00c1BAN MEGB\u00cdZHAT<\/strong><\/p>\n<p>A vil\u00e1g minden sark\u00e1ban tal\u00e1l egy Cat\u00ae g\u00e9pet.<br \/>\nA Cat\u00ae vezet\u0151 szerepet t\u00f6lt be az \u00e9p\u00edt\u0151iparban. Glob\u00e1lisan a Cat\u00ae log\u00f3<br \/>\nszimb\u00f3lumm\u00e1 v\u00e1lt, gyakran jelv\u00e9nyk\u00e9nt viselt\u00e9k, jelk\u00e9pezve a b\u00e1tors\u00e1got, a kitart\u00e1st \u00e9s<br \/>\nrettenthetetlen hozz\u00e1\u00e1ll\u00e1s.<br \/>\nA Cat\u00ae term\u00e9keket a kiv\u00e1l\u00f3 teljes\u00edtm\u00e9nyre tervezt\u00e9k, \u00e9s a<br \/>\ntart\u00f3ss\u00e1g, \u00e9s a legnagyobb \u00e9s legtapasztaltabb t\u00e1mogat\u00e1si h\u00e1l\u00f3zat t\u00e1mogatja<br \/>\nkeresked\u0151k a vil\u00e1gon.<\/p>\n<p>&nbsp;<\/p>\n<\/div>\n<div class=\"hidden-xs hidden-sm\"><\/div>\n<\/div>\n<div class=\"product-page-description-ad hidden-xs hidden-sm\"><\/div>\n<\/div>\n<div class=\"feedback-center-container\" data-zone=\"product\"><\/div>\n<\/div>\n<\/div>\n<\/section>\n<section class=\"page-section page-section-light specifications-section gtm_product-page-specs \" data-test=\"page-section\"><a id=\"specification-section\" class=\"scroll-anchor\"><\/a><\/p>\n<div class=\"container\">\n<h2 class=\"page-section-title\">R\u00e9szletek<\/h2>\n<div class=\"d-flex\">\n<div class=\"specifications-body\">\n<div id=\"specifications-body\" class=\"collapse-offset in\">\n<p class=\"pt-5 text-uppercase strong\">\u00c1ltal\u00e1nos jellemz\u0151k<\/p>\n<table class=\"table table-striped specifications-table\">\n<tbody>\n<tr>\n<td class=\"col-xs-4 text-muted\">Term\u00e9kt\u00edpus<\/td>\n<td class=\"col-xs-8\">F\u00far\u00f3g\u00e9p<\/td>\n<\/tr>\n<tr>\n<td class=\"col-xs-4 text-muted\">Munka t\u00edpusa<\/td>\n<td class=\"col-xs-8\">F\u00e9lprofesszion\u00e1lis<\/td>\n<\/tr>\n<tr>\n<td class=\"col-xs-4 text-muted\">T\u00e1pell\u00e1t\u00e1s t\u00edpus<\/td>\n<td class=\"col-xs-8\">H\u00e1l\u00f3zat<\/td>\n<\/tr>\n<tr>\n<td class=\"col-xs-4 text-muted\">Aj\u00e1nlott ter\u00fclet<\/td>\n<td class=\"col-xs-8\">Ac\u00e9l<\/td>\n<\/tr>\n<tr>\n<td class=\"col-xs-4 text-muted\">F\u00far\u00f3tokm\u00e1ny m\u00e9rete<\/td>\n<td class=\"col-xs-8\">13 mm<\/td>\n<\/tr>\n<\/tbody>\n<\/table>\n<p class=\"pt-5 text-uppercase strong\">Technikai tulajdons\u00e1gok<\/p>\n<table class=\"table table-striped specifications-table\">\n<tbody>\n<tr>\n<td class=\"col-xs-4 text-muted\">Teljes\u00edtm\u00e9ny<\/td>\n<td class=\"col-xs-8\">750 W<\/td>\n<\/tr>\n<tr>\n<td class=\"col-xs-4 text-muted\">Maxim\u00e1lis sebess\u00e9g (rpm)<\/td>\n<td class=\"col-xs-8\">3000<\/td>\n<\/tr>\n<\/tbody>\n<\/table>\n<p class=\"pt-5 text-uppercase strong\">M\u00e9retek<\/p>\n<table class=\"table table-striped specifications-table\">\n<tbody>\n<tr>\n<td class=\"col-xs-4 text-muted\">S\u00faly<\/td>\n<td class=\"col-xs-8\">1.8 g<\/td>\n<\/tr>\n<tr>\n<td class=\"col-xs-4 text-muted\">F\u00far\u00e1si \u00e1tm\u00e9r\u0151 falazatban<\/td>\n<td class=\"col-xs-8\">16 mm<\/td>\n<\/tr>\n<tr>\n<td class=\"col-xs-4 text-muted\">F\u00far\u00e1si \u00e1tm\u00e9r\u0151 f\u00e1ban<\/td>\n<td class=\"col-xs-8\">30 mm<\/td>\n<\/tr>\n<\/tbody>\n<\/table>\n<\/div>\n<\/div>\n<\/div>\n<\/div>\n<\/section>\n","protected":false},"excerpt":{"rendered":"<section class=\"page-section page-section-light gtm_product-page-description\" data-test=\"page-section\">\n<div class=\"container pb-5\">\n<div id=\"collapse-wrapper-description\">\n<div class=\"product-page-description description-banner-right\">\n<div class=\"product-page-description-text\">\n<div id=\"description-body\" class=\"collapse-offset in\">\n<h1>CAT f\u00far\u00f3, 750 W, DX17 modell<\/h1>\n<p><strong>Megb\u00edzhat\u00f3 partner minden helyzetben!<\/strong><\/p>\n<p>A<span>\u00a0<\/span><strong>CAT DX17<\/strong><span>\u00a0<\/span>f\u00far\u00f3 egy olyan szersz\u00e1m, amely a tart\u00f3ss\u00e1got \u00e9s a megb\u00edzhat\u00f3s\u00e1got helyezi el\u0151t\u00e9rbe. Massz\u00edv \u00e9s kompakt teste f\u00e9m f\u00far\u00f3tart\u00f3val kombin\u00e1lva nagy tart\u00f3ss\u00e1got garant\u00e1l, \u00edgy minden otthon \u00e9s m\u0171hely n\u00e9lk\u00fcl\u00f6zhetetlen felszerel\u00e9se. 750 W-os teljes\u00edtm\u00e9nnyel felszerelve, maxim\u00e1lis f\u00far\u00e1si teljes\u00edtm\u00e9nyt ny\u00fajt f\u00e1ban 30 mm-ig, f\u00e9mben 13 mm-ig \u00e9s betonban 16 mm-ig. A v\u00e1ltoztathat\u00f3 fordulatsz\u00e1m\u00fa kapcsol\u00f3 el\u0151re \u00e9s h\u00e1tra forgat\u00e1ssal \u00e9s egy z\u00e1r funkci\u00f3val teljes ir\u00e1ny\u00edt\u00e1st biztos\u00edt a f\u00far\u00e1si folyamat felett. Ezenk\u00edv\u00fcl a puha gumibevonat\u00fa foganty\u00fa \u00e9s a t\u00e1pk\u00e1bel g\u00f6mbcsukl\u00f3ja n\u00f6veli a haszn\u00e1lat k\u00e9nyelm\u00e9t \u00e9s v\u00e9di a vezet\u00e9ket a s\u00e9r\u00fcl\u00e9sekt\u0151l. 0-3000 ford.\/perc sebess\u00e9g\u00e9vel \u00e9s ak\u00e1r 48000 \u00fct\u00e9s\/perc \u00fct\u00e9si sebess\u00e9g\u00e9vel kiv\u00e9teles teljes\u00edtm\u00e9nyt \u00e9s pontoss\u00e1got k\u00edn\u00e1l. K\u00f6nny\u0171, mind\u00f6ssze 1,80 kg s\u00faly\u00fa, hossz\u00fa t\u00e1v\u00fa munk\u00e1t tesz lehet\u0151v\u00e9 a k\u00e9z f\u00e1rad\u00e1sa n\u00e9lk\u00fcl.<\/p>\n<p><strong>Jellemz\u0151k:<\/strong><\/p>\n<ul>\n<li>Alternat\u00edv forgat\u00e1s<\/li>\n<li>F\u00e9m m\u00e9lys\u00e9gjelz\u0151<\/li>\n<li>V\u00e1ltoztathat\u00f3 sebess\u00e9g\u0171 kapcsol\u00f3<\/li>\n<li>Z\u00e1r kapcsol\u00f3<\/li>\n<li>Gum\u00edrozott markolatrendszer<\/li>\n<li>Goly\u00f3s csukl\u00f3s k\u00e1bel megv\u00e9di a t\u00f6r\u00e9st\u0151l<\/li>\n<li>36 h\u00f3nap garancia!<\/li>\n<\/ul>\n<p><strong>M\u0171szaki adatok:<\/strong><\/p>\n<ul>\n<li>Teljes\u00edtm\u00e9ny: 750W<\/li>\n<li>\u00dcresj\u00e1rati sebess\u00e9g 0-3000\/perc<\/li>\n<li>\u00dct\u00e9si sebess\u00e9g 0-48000 bpm<\/li>\n<li>Tokm\u00e1ny m\u00e9rete: 13 mm<\/li>\n<li>F\u00far\u00f3teljes\u00edtm\u00e9ny: 16 mm falazat 30 mm fa, 13 mm f\u00e9m<\/li>\n<li>A g\u00e9p s\u00falya: 1,80 kg<\/li>\n<\/ul>\n<p>A csomag tartalma:<\/p>\n<ul>\n<li>1 db. Seg\u00e9dfoganty\u00fa<\/li>\n<li>1 db. Tokm\u00e1ny kulcs<\/li>\n<li>1 db. M\u00e9lys\u00e9gjelz\u0151<\/li>\n<\/ul>\n<p><img decoding=\"async\" class=\"lazy\" src=\"https:\/\/cdn.shopify.com\/s\/files\/1\/2414\/4055\/files\/CAT_logo.jpg?v=1723464287\" alt=\"\" width=\"\" height=\"\" align=\"\" data-src=\"https:\/\/cdn.shopify.com\/s\/files\/1\/2414\/4055\/files\/CAT_logo.jpg?v=1723464287\" data-loaded=\"1\" \/><\/p>\n<p><strong>CAT\u00ae POWER SZERSZ\u00c1MOK \u2013 A M\u00c1RK\u00c1BAN MEGB\u00cdZHAT<\/strong><\/p>\n<p>A vil\u00e1g minden sark\u00e1ban tal\u00e1l egy Cat\u00ae g\u00e9pet.<br \/>\nA Cat\u00ae vezet\u0151 szerepet t\u00f6lt be az \u00e9p\u00edt\u0151iparban. Glob\u00e1lisan a Cat\u00ae log\u00f3<br \/>\nszimb\u00f3lumm\u00e1 v\u00e1lt, gyakran jelv\u00e9nyk\u00e9nt viselt\u00e9k, jelk\u00e9pezve a b\u00e1tors\u00e1got, a kitart\u00e1st \u00e9s<br \/>\nrettenthetetlen hozz\u00e1\u00e1ll\u00e1s.<br \/>\nA Cat\u00ae term\u00e9keket a kiv\u00e1l\u00f3 teljes\u00edtm\u00e9nyre tervezt\u00e9k, \u00e9s a<br \/>\ntart\u00f3ss\u00e1g, \u00e9s a legnagyobb \u00e9s legtapasztaltabb t\u00e1mogat\u00e1si h\u00e1l\u00f3zat t\u00e1mogatja<br \/>\nkeresked\u0151k a vil\u00e1gon.<\/p>\n<p>&nbsp;<\/p>\n<\/div>\n<div class=\"hidden-xs hidden-sm\"><\/div>\n<\/div>\n<div class=\"product-page-description-ad hidden-xs hidden-sm\"><\/div>\n<\/div>\n<div class=\"feedback-center-container\" data-zone=\"product\"><\/div>\n<\/div>\n<\/div>\n<\/section>\n<section class=\"page-section page-section-light specifications-section gtm_product-page-specs \" data-test=\"page-section\"><a id=\"specification-section\" class=\"scroll-anchor\"><\/a><\/p>\n<div class=\"container\">\n<h2 class=\"page-section-title\">R\u00e9szletek<\/h2>\n<div class=\"d-flex\">\n<div class=\"specifications-body\">\n<div id=\"specifications-body\" class=\"collapse-offset in\">\n<p class=\"pt-5 text-uppercase strong\">\u00c1ltal\u00e1nos jellemz\u0151k<\/p>\n<table class=\"table table-striped specifications-table\">\n<tbody>\n<tr>\n<td class=\"col-xs-4 text-muted\">Term\u00e9kt\u00edpus<\/td>\n<td class=\"col-xs-8\">F\u00far\u00f3g\u00e9p<\/td>\n<\/tr>\n<tr>\n<td class=\"col-xs-4 text-muted\">Munka t\u00edpusa<\/td>\n<td class=\"col-xs-8\">F\u00e9lprofesszion\u00e1lis<\/td>\n<\/tr>\n<tr>\n<td class=\"col-xs-4 text-muted\">T\u00e1pell\u00e1t\u00e1s t\u00edpus<\/td>\n<td class=\"col-xs-8\">H\u00e1l\u00f3zat<\/td>\n<\/tr>\n<tr>\n<td class=\"col-xs-4 text-muted\">Aj\u00e1nlott ter\u00fclet<\/td>\n<td class=\"col-xs-8\">Ac\u00e9l<\/td>\n<\/tr>\n<tr>\n<td class=\"col-xs-4 text-muted\">F\u00far\u00f3tokm\u00e1ny m\u00e9rete<\/td>\n<td class=\"col-xs-8\">13 mm<\/td>\n<\/tr>\n<\/tbody>\n<\/table>\n<p class=\"pt-5 text-uppercase strong\">Technikai tulajdons\u00e1gok<\/p>\n<table class=\"table table-striped specifications-table\">\n<tbody>\n<tr>\n<td class=\"col-xs-4 text-muted\">Teljes\u00edtm\u00e9ny<\/td>\n<td class=\"col-xs-8\">750 W<\/td>\n<\/tr>\n<tr>\n<td class=\"col-xs-4 text-muted\">Maxim\u00e1lis sebess\u00e9g (rpm)<\/td>\n<td class=\"col-xs-8\">3000<\/td>\n<\/tr>\n<\/tbody>\n<\/table>\n<p class=\"pt-5 text-uppercase strong\">M\u00e9retek<\/p>\n<table class=\"table table-striped specifications-table\">\n<tbody>\n<tr>\n<td class=\"col-xs-4 text-muted\">S\u00faly<\/td>\n<td class=\"col-xs-8\">1.8 g<\/td>\n<\/tr>\n<tr>\n<td class=\"col-xs-4 text-muted\">F\u00far\u00e1si \u00e1tm\u00e9r\u0151 falazatban<\/td>\n<td class=\"col-xs-8\">16 mm<\/td>\n<\/tr>\n<tr>\n<td class=\"col-xs-4 text-muted\">F\u00far\u00e1si \u00e1tm\u00e9r\u0151 f\u00e1ban<\/td>\n<td class=\"col-xs-8\">30 mm<\/td>\n<\/tr>\n<\/tbody>\n<\/table>\n<\/div>\n<\/div>\n<\/div>\n<\/div>\n<\/section>\n","protected":false},"featured_media":1549,"template":"","meta":[],"product_brand":[114],"product_cat":[164],"product_tag":[],"class_list":{"0":"post-1548","1":"product","2":"type-product","3":"status-publish","4":"has-post-thumbnail","6":"product_brand-caterpillar","7":"product_cat-szerszamgepek","9":"first","10":"instock","11":"shipping-taxable","12":"product-type-simple"},"_links":{"self":[{"href":"https:\/\/zengoalfold.hu\/index.php?rest_route=\/wp\/v2\/product\/1548","targetHints":{"allow":["GET"]}}],"collection":[{"href":"https:\/\/zengoalfold.hu\/index.php?rest_route=\/wp\/v2\/product"}],"about":[{"href":"https:\/\/zengoalfold.hu\/index.php?rest_route=\/wp\/v2\/types\/product"}],"wp:featuredmedia":[{"embeddable":true,"href":"https:\/\/zengoalfold.hu\/index.php?rest_route=\/wp\/v2\/media\/1549"}],"wp:attachment":[{"href":"https:\/\/zengoalfold.hu\/index.php?rest_route=%2Fwp%2Fv2%2Fmedia&parent=1548"}],"wp:term":[{"taxonomy":"product_brand","embeddable":true,"href":"https:\/\/zengoalfold.hu\/index.php?rest_route=%2Fwp%2Fv2%2Fproduct_brand&post=1548"},{"taxonomy":"product_cat","embeddable":true,"href":"https:\/\/zengoalfold.hu\/index.php?rest_route=%2Fwp%2Fv2%2Fproduct_cat&post=1548"},{"taxonomy":"product_tag","embeddable":true,"href":"https:\/\/zengoalfold.hu\/index.php?rest_route=%2Fwp%2Fv2%2Fproduct_tag&post=1548"}],"curies":[{"name":"wp","href":"https:\/\/api.w.org\/{rel}","templated":true}]}}