{"id":1572,"date":"2025-09-01T15:34:44","date_gmt":"2025-09-01T13:34:44","guid":{"rendered":"https:\/\/zengoalfold.com\/?post_type=product&#038;p=1572"},"modified":"2025-09-01T15:34:44","modified_gmt":"2025-09-01T13:34:44","slug":"caterpillar-dxb4-akkumulator-18v-4-0ah","status":"publish","type":"product","link":"https:\/\/zengoalfold.hu\/?product=caterpillar-dxb4-akkumulator-18v-4-0ah","title":{"rendered":"Caterpillar DXB4 Akkumul\u00e1tor 18V 4.0Ah"},"content":{"rendered":"<div class=\"col-xs-12 col-md-8 mt2\">\n<div>\n<div class=\"text product-detail-description\">\n<p>A Li-on cs\u00fasz\u00f3 akkumul\u00e1tor akkumul\u00e1tor-kapacit\u00e1sjelz\u0151vel, 5 szint\u0171 LED-vil\u00e1g\u00edt\u00e1ssal rendelkezik.<\/p>\n<p><strong>M\u0171szaki param\u00e9terek:<\/strong><\/p>\n<ul>\n<li>Akkumul\u00e1tor kapacit\u00e1s: 4.0 Ah Li-ion<\/li>\n<li>Fesz\u00fclts\u00e9g 18V<\/li>\n<li>S\u00faly 650 g<\/li>\n<\/ul>\n<\/div>\n<div class=\"mt4\"><\/div>\n<\/div>\n<\/div>\n<div class=\"col-xs-12 col-md-4 md-left-divider mt2\">\n<div class=\"wrapper container-fluid no-padding-sides\">\n<div class=\"row mb2\">\n<div class=\"col-xs-12\">\n<h2 class=\"mb2\">M\u0171szaki inform\u00e1ci\u00f3k<\/h2>\n<\/div>\n<\/div>\n<div class=\"row mb2\">\n<div class=\"col-xs-6\"><span class=\"semi-bold\">Gy\u00e1rt\u00f3:<\/span><\/div>\n<div class=\"col-xs-6\"><a href=\"https:\/\/www.sanitino.hu\/caterpillar\" class=\"link\" data-gtm-click=\"Zna\u010dky\" data-gtm-action=\"Produkt - technick\u00e9 informace\" data-gtm-label=\"Caterpillar\">Caterpillar<\/a><\/div>\n<\/div>\n<div class=\"row mb2\">\n<div class=\"col-xs-6\"><span class=\"semi-bold\">Sorozat:<\/span><\/div>\n<div class=\"col-xs-6\">\n<div><span><a href=\"https:\/\/www.sanitino.hu\/caterpillar-tartozekok\" class=\"link\">Tartoz\u00e9kok<\/a><\/span><\/div>\n<\/div>\n<\/div>\n<div class=\"row mb2\">\n<div class=\"col-xs-6\"><span class=\"semi-bold\">Kat.sz.:<\/span><\/div>\n<div class=\"col-xs-6\">DXB4<\/div>\n<\/div>\n<div class=\"row mb2\">\n<div class=\"col-xs-6\"><span class=\"semi-bold\">EAN:<\/span><\/div>\n<div class=\"col-xs-6\">6943475885069<\/div>\n<\/div>\n<div class=\"row mb2\">\n<div class=\"col-xs-6\"><span class=\"semi-bold\">Garancia:<\/span><\/div>\n<div class=\"col-xs-6\">2 \u00e9vek<\/div>\n<\/div>\n<div class=\"row mb2\">\n<div class=\"col-xs-6\"><span class=\"semi-bold\">T\u00edpus:<\/span><\/div>\n<div class=\"col-xs-6\">\n<div>akkumul\u00e1tor<\/div>\n<\/div>\n<\/div>\n<div class=\"row mb2\">\n<div class=\"col-xs-6\"><span class=\"semi-bold\">Akkumul\u00e1tor t\u00edpusa:<\/span><\/div>\n<div class=\"col-xs-6\">\n<div>Li-Ion<\/div>\n<\/div>\n<\/div>\n<div class=\"row mb2\">\n<div class=\"col-xs-6\"><span class=\"semi-bold\">Az akkumul\u00e1tor fesz\u00fclts\u00e9ge:<\/span><\/div>\n<div class=\"col-xs-6\">\n<div>18 V<\/div>\n<\/div>\n<\/div>\n<div class=\"row mb2\">\n<div class=\"col-xs-6\"><span class=\"semi-bold\">Az akkumul\u00e1tor kapacit\u00e1sa [Ah]:<\/span><\/div>\n<div class=\"col-xs-6\">\n<div>4.0<\/div>\n<\/div>\n<\/div>\n<\/div>\n<\/div>\n","protected":false},"excerpt":{"rendered":"<p>A Li-on cs\u00fasz\u00f3 akkumul\u00e1tor akkumul\u00e1tor-kapacit\u00e1sjelz\u0151vel, 5 szint\u0171 LED-vil\u00e1g\u00edt\u00e1ssal rendelkezik. M\u0171szaki param\u00e9terek: Akkumul\u00e1tor kapacit\u00e1s: 4.0 Ah Li-ion Fesz\u00fclts\u00e9g 18V S\u00faly 650 g M\u0171szaki inform\u00e1ci\u00f3k Gy\u00e1rt\u00f3: Caterpillar Sorozat: Tartoz\u00e9kok Kat.sz.: DXB4 EAN: 6943475885069 Garancia: 2 \u00e9vek T\u00edpus: akkumul\u00e1tor Akkumul\u00e1tor t\u00edpusa: Li-Ion Az akkumul\u00e1tor fesz\u00fclts\u00e9ge: 18 V Az akkumul\u00e1tor kapacit\u00e1sa [Ah]: 4.0<\/p>\n","protected":false},"featured_media":1573,"template":"","meta":[],"product_brand":[114],"product_cat":[164],"product_tag":[],"class_list":{"0":"post-1572","1":"product","2":"type-product","3":"status-publish","4":"has-post-thumbnail","6":"product_brand-caterpillar","7":"product_cat-szerszamgepek","9":"first","10":"instock","11":"shipping-taxable","12":"product-type-simple"},"_links":{"self":[{"href":"https:\/\/zengoalfold.hu\/index.php?rest_route=\/wp\/v2\/product\/1572","targetHints":{"allow":["GET"]}}],"collection":[{"href":"https:\/\/zengoalfold.hu\/index.php?rest_route=\/wp\/v2\/product"}],"about":[{"href":"https:\/\/zengoalfold.hu\/index.php?rest_route=\/wp\/v2\/types\/product"}],"wp:featuredmedia":[{"embeddable":true,"href":"https:\/\/zengoalfold.hu\/index.php?rest_route=\/wp\/v2\/media\/1573"}],"wp:attachment":[{"href":"https:\/\/zengoalfold.hu\/index.php?rest_route=%2Fwp%2Fv2%2Fmedia&parent=1572"}],"wp:term":[{"taxonomy":"product_brand","embeddable":true,"href":"https:\/\/zengoalfold.hu\/index.php?rest_route=%2Fwp%2Fv2%2Fproduct_brand&post=1572"},{"taxonomy":"product_cat","embeddable":true,"href":"https:\/\/zengoalfold.hu\/index.php?rest_route=%2Fwp%2Fv2%2Fproduct_cat&post=1572"},{"taxonomy":"product_tag","embeddable":true,"href":"https:\/\/zengoalfold.hu\/index.php?rest_route=%2Fwp%2Fv2%2Fproduct_tag&post=1572"}],"curies":[{"name":"wp","href":"https:\/\/api.w.org\/{rel}","templated":true}]}}