{"id":1597,"date":"2025-09-03T14:34:54","date_gmt":"2025-09-03T12:34:54","guid":{"rendered":"https:\/\/zengoalfold.com\/?post_type=product&#038;p=1597"},"modified":"2025-09-03T14:34:54","modified_gmt":"2025-09-03T12:34:54","slug":"fiskars-custmore-ollo","status":"publish","type":"product","link":"https:\/\/zengoalfold.hu\/?product=fiskars-custmore-ollo","title":{"rendered":"Fiskars Cust+more oll\u00f3"},"content":{"rendered":"<p data-start=\"309\" data-end=\"688\"><strong data-start=\"309\" data-end=\"333\">Le\u00edr\u00e1s \u00e9s jellemz\u0151k:<\/strong><br data-start=\"333\" data-end=\"336\" \/>Jobbkezes t\u00f6bbfunkci\u00f3s oll\u00f3: k\u00e9nyelmes, ergonomikus kialak\u00edt\u00e1s\u00fa ny\u00e9llel, dr\u00f3tv\u00e1g\u00f3-, \u00fcvegnyit\u00f3-, v\u00e9kony k\u00f6telek v\u00e1g\u00e1s\u00e1hoz alkalmas hegyes v\u00e9g\u0171 peng\u00e9vel. Oll\u00f3\u00e9lez\u0151-, ragaszt\u00f3szalag-v\u00e1g\u00f3-, pengev\u00e9d\u0151 tokkal. A Cuts+More oll\u00f3 tov\u00e1bb\u00e1 a k\u00f6z\u00e9ps\u0151 csavar old\u00e1s\u00e1val pillanatok alatt sz\u00e9tszerelhet\u0151. Mosogat\u00f3g\u00e9pben moshat\u00f3. <span class=\"\" data-state=\"closed\"><span class=\"ms-1 inline-flex max-w-full items-center relative top-[-0.094rem] animate-[show_150ms_ease-in]\" data-testid=\"webpage-citation-pill\"><\/span><\/span><\/p>\n<ul data-start=\"712\" data-end=\"1128\">\n<li data-start=\"712\" data-end=\"737\">\n<p data-start=\"714\" data-end=\"737\"><strong data-start=\"714\" data-end=\"729\">Pengehossz:<\/strong> 23 cm<\/p>\n<\/li>\n<li data-start=\"738\" data-end=\"813\">\n<p data-start=\"740\" data-end=\"813\"><strong data-start=\"740\" data-end=\"757\">Penge anyaga:<\/strong> Rozsdamentes ac\u00e9l, tapad\u00e1smentes, tit\u00e1nium bevonattal<\/p>\n<\/li>\n<li data-start=\"814\" data-end=\"846\">\n<p data-start=\"816\" data-end=\"846\"><strong data-start=\"816\" data-end=\"836\">Markolat anyaga:<\/strong> M\u0171anyag<\/p>\n<\/li>\n<li data-start=\"847\" data-end=\"889\">\n<p data-start=\"849\" data-end=\"889\"><strong data-start=\"849\" data-end=\"863\">Tiszt\u00edt\u00e1s:<\/strong> K\u00e9zi mosogat\u00e1s javasolt<\/p>\n<\/li>\n<li data-start=\"890\" data-end=\"912\">\n<p data-start=\"892\" data-end=\"912\"><strong data-start=\"892\" data-end=\"905\">Garancia:<\/strong> 1 \u00e9v<\/p>\n<\/li>\n<li data-start=\"913\" data-end=\"960\">\n<p data-start=\"915\" data-end=\"960\"><strong data-start=\"915\" data-end=\"952\">Teljes hossz (csomagol\u00e1s n\u00e9lk\u00fcl):<\/strong> 23 cm<\/p>\n<\/li>\n<li data-start=\"961\" data-end=\"984\">\n<p data-start=\"963\" data-end=\"984\"><strong data-start=\"963\" data-end=\"977\">Sz\u00e9less\u00e9g:<\/strong> 8 cm<\/p>\n<\/li>\n<li data-start=\"985\" data-end=\"1009\">\n<p data-start=\"987\" data-end=\"1009\"><strong data-start=\"987\" data-end=\"1000\">Magass\u00e1g:<\/strong> 1,8 cm<\/p>\n<\/li>\n<li data-start=\"1010\" data-end=\"1033\">\n<p data-start=\"1012\" data-end=\"1033\"><strong data-start=\"1012\" data-end=\"1022\">T\u00f6meg:<\/strong> 130 g\/db<\/p>\n<\/li>\n<li data-start=\"1034\" data-end=\"1058\">\n<p data-start=\"1036\" data-end=\"1058\"><strong data-start=\"1036\" data-end=\"1048\">SAP k\u00f3d:<\/strong> 1000809<\/p>\n<\/li>\n<li data-start=\"1059\" data-end=\"1128\">\n<p data-start=\"1061\" data-end=\"1128\"><strong data-start=\"1061\" data-end=\"1078\">Term\u00e9kcsal\u00e1d:<\/strong> Cuts+More<\/p>\n<\/li>\n<\/ul>\n","protected":false},"excerpt":{"rendered":"<p>Le\u00edr\u00e1s \u00e9s jellemz\u0151k:Jobbkezes t\u00f6bbfunkci\u00f3s oll\u00f3: k\u00e9nyelmes, ergonomikus kialak\u00edt\u00e1s\u00fa ny\u00e9llel, dr\u00f3tv\u00e1g\u00f3-, \u00fcvegnyit\u00f3-, v\u00e9kony k\u00f6telek v\u00e1g\u00e1s\u00e1hoz alkalmas hegyes v\u00e9g\u0171 peng\u00e9vel. Oll\u00f3\u00e9lez\u0151-, ragaszt\u00f3szalag-v\u00e1g\u00f3-, pengev\u00e9d\u0151 tokkal. A Cuts+More oll\u00f3 tov\u00e1bb\u00e1 a k\u00f6z\u00e9ps\u0151 csavar old\u00e1s\u00e1val pillanatok alatt sz\u00e9tszerelhet\u0151. Mosogat\u00f3g\u00e9pben moshat\u00f3. Pengehossz: 23 cm Penge anyaga: Rozsdamentes ac\u00e9l, tapad\u00e1smentes, tit\u00e1nium bevonattal Markolat anyaga: M\u0171anyag Tiszt\u00edt\u00e1s: K\u00e9zi mosogat\u00e1s javasolt Garancia: 1 \u00e9v [&hellip;]<\/p>\n","protected":false},"featured_media":1598,"template":"","meta":[],"product_brand":[122],"product_cat":[165],"product_tag":[],"class_list":{"0":"post-1597","1":"product","2":"type-product","3":"status-publish","4":"has-post-thumbnail","6":"product_brand-fiskars","7":"product_cat-keziszerszamok","9":"first","10":"instock","11":"shipping-taxable","12":"product-type-simple"},"_links":{"self":[{"href":"https:\/\/zengoalfold.hu\/index.php?rest_route=\/wp\/v2\/product\/1597","targetHints":{"allow":["GET"]}}],"collection":[{"href":"https:\/\/zengoalfold.hu\/index.php?rest_route=\/wp\/v2\/product"}],"about":[{"href":"https:\/\/zengoalfold.hu\/index.php?rest_route=\/wp\/v2\/types\/product"}],"wp:featuredmedia":[{"embeddable":true,"href":"https:\/\/zengoalfold.hu\/index.php?rest_route=\/wp\/v2\/media\/1598"}],"wp:attachment":[{"href":"https:\/\/zengoalfold.hu\/index.php?rest_route=%2Fwp%2Fv2%2Fmedia&parent=1597"}],"wp:term":[{"taxonomy":"product_brand","embeddable":true,"href":"https:\/\/zengoalfold.hu\/index.php?rest_route=%2Fwp%2Fv2%2Fproduct_brand&post=1597"},{"taxonomy":"product_cat","embeddable":true,"href":"https:\/\/zengoalfold.hu\/index.php?rest_route=%2Fwp%2Fv2%2Fproduct_cat&post=1597"},{"taxonomy":"product_tag","embeddable":true,"href":"https:\/\/zengoalfold.hu\/index.php?rest_route=%2Fwp%2Fv2%2Fproduct_tag&post=1597"}],"curies":[{"name":"wp","href":"https:\/\/api.w.org\/{rel}","templated":true}]}}