{"id":1602,"date":"2025-09-03T14:39:04","date_gmt":"2025-09-03T12:39:04","guid":{"rendered":"https:\/\/zengoalfold.com\/?post_type=product&#038;p=1602"},"modified":"2025-09-03T14:39:04","modified_gmt":"2025-09-03T12:39:04","slug":"fiskars-ergonomic-garden-aso-hegyes","status":"publish","type":"product","link":"https:\/\/zengoalfold.hu\/?product=fiskars-ergonomic-garden-aso-hegyes","title":{"rendered":"Fiskars Ergonomic Garden \u00e1s\u00f3 hegyes"},"content":{"rendered":"<h4 data-start=\"393\" data-end=\"423\"><strong data-start=\"398\" data-end=\"423\">El\u0151ny\u00f6k \u00e9s jellemz\u0151k:<\/strong><\/h4>\n<ul data-start=\"425\" data-end=\"897\">\n<li data-start=\"425\" data-end=\"523\">\n<p data-start=\"427\" data-end=\"523\"><strong data-start=\"427\" data-end=\"442\">\u00c9les perem:<\/strong> Ide\u00e1lis a gy\u00f6kerek \u00e1s\u00e1s\u00e1hoz, szeg\u00e9lyez\u00e9s\u00e9hez, leveg\u0151ztet\u00e9s\u00e9hez vagy v\u00e1g\u00e1s\u00e1hoz.<\/p>\n<\/li>\n<li data-start=\"524\" data-end=\"652\">\n<p data-start=\"526\" data-end=\"652\"><strong data-start=\"526\" data-end=\"553\">Ergonomikus kialak\u00edt\u00e1s:<\/strong> Az optim\u00e1lis munkamagass\u00e1g \u00e9s az \u00edvelt foganty\u00fa megakad\u00e1lyozza a haszn\u00e1lat k\u00f6zbeni fesz\u00fclts\u00e9get.<\/p>\n<\/li>\n<li data-start=\"653\" data-end=\"720\">\n<p data-start=\"655\" data-end=\"720\"><strong data-start=\"655\" data-end=\"679\">Kont\u00farozott tengely:<\/strong> Cs\u00f6kkenti a h\u00e1t \u00e9s a karok terhel\u00e9s\u00e9t.<\/p>\n<\/li>\n<li data-start=\"721\" data-end=\"778\">\n<p data-start=\"723\" data-end=\"778\"><strong data-start=\"723\" data-end=\"744\">D-alak\u00fa foganty\u00fa:<\/strong> K\u00e9nyelmes haszn\u00e1latot biztos\u00edt.<\/p>\n<\/li>\n<li data-start=\"779\" data-end=\"897\">\n<p data-start=\"781\" data-end=\"897\"><strong data-start=\"781\" data-end=\"802\">T\u00e1masz a tetej\u00e9n:<\/strong> Megk\u00f6nny\u00edti a szersz\u00e1m kem\u00e9ny talajba val\u00f3 behajt\u00e1s\u00e1t. <span class=\"\" data-state=\"closed\"><span class=\"ms-1 inline-flex max-w-full items-center relative top-[-0.094rem] animate-[show_150ms_ease-in]\" data-testid=\"webpage-citation-pill\"><a href=\"https:\/\/www.fiskarsshop.hu\/Fiskars-Ergonomic-asolapat-szurke?srsltid=AfmBOoo73n5dtp2bPVOYxNXmhswltsf6s7hKt7Xur_NFW50GSAYW8l1w&amp;utm_source=chatgpt.com\" target=\"_blank\" rel=\"noopener\" alt=\"https:\/\/www.fiskarsshop.hu\/Fiskars-Ergonomic-asolapat-szurke?srsltid=AfmBOoo73n5dtp2bPVOYxNXmhswltsf6s7hKt7Xur_NFW50GSAYW8l1w&amp;utm_source=chatgpt.com\" class=\"flex h-4.5 overflow-hidden rounded-xl px-2 text-[9px] font-medium text-token-text-secondary! bg-[#F4F4F4]! dark:bg-[#303030]! transition-colors duration-150 ease-in-out\"><span class=\"relative start-0 bottom-0 flex h-full w-full items-center\"><span class=\"flex h-4 w-full items-center justify-between overflow-hidden\"><span class=\"max-w-full grow truncate overflow-hidden text-center\">fiskarsshop.hu<\/span><\/span><\/span><\/a><\/span><\/span><\/p>\n<\/li>\n<\/ul>\n<hr data-start=\"899\" data-end=\"902\" \/>\n<h4 data-start=\"904\" data-end=\"928\"><strong data-start=\"909\" data-end=\"928\">M\u0171szaki adatok:<\/strong><\/h4>\n<ul data-start=\"930\" data-end=\"1143\">\n<li data-start=\"930\" data-end=\"953\">\n<p data-start=\"932\" data-end=\"953\"><strong data-start=\"932\" data-end=\"943\">Csal\u00e1d:<\/strong> Comfort<\/p>\n<\/li>\n<li data-start=\"954\" data-end=\"978\">\n<p data-start=\"956\" data-end=\"978\"><strong data-start=\"956\" data-end=\"968\">SAP K\u00f3d:<\/strong> 1067512<\/p>\n<\/li>\n<li data-start=\"979\" data-end=\"1027\">\n<p data-start=\"981\" data-end=\"1027\"><strong data-start=\"981\" data-end=\"1018\">Teljes hossz (csomagol\u00e1s n\u00e9lk\u00fcl):<\/strong> 125 cm<\/p>\n<\/li>\n<li data-start=\"1028\" data-end=\"1054\">\n<p data-start=\"1030\" data-end=\"1054\"><strong data-start=\"1030\" data-end=\"1044\">Sz\u00e9less\u00e9g:<\/strong> 19,2 cm<\/p>\n<\/li>\n<li data-start=\"1055\" data-end=\"1078\">\n<p data-start=\"1057\" data-end=\"1078\"><strong data-start=\"1057\" data-end=\"1070\">Magass\u00e1g:<\/strong> 12 cm<\/p>\n<\/li>\n<li data-start=\"1079\" data-end=\"1143\">\n<p data-start=\"1081\" data-end=\"1143\"><strong data-start=\"1081\" data-end=\"1091\">T\u00f6meg:<\/strong> 2,413 kg\/db<\/p>\n<\/li>\n<\/ul>\n","protected":false},"excerpt":{"rendered":"<p>El\u0151ny\u00f6k \u00e9s jellemz\u0151k: \u00c9les perem: Ide\u00e1lis a gy\u00f6kerek \u00e1s\u00e1s\u00e1hoz, szeg\u00e9lyez\u00e9s\u00e9hez, leveg\u0151ztet\u00e9s\u00e9hez vagy v\u00e1g\u00e1s\u00e1hoz. Ergonomikus kialak\u00edt\u00e1s: Az optim\u00e1lis munkamagass\u00e1g \u00e9s az \u00edvelt foganty\u00fa megakad\u00e1lyozza a haszn\u00e1lat k\u00f6zbeni fesz\u00fclts\u00e9get. Kont\u00farozott tengely: Cs\u00f6kkenti a h\u00e1t \u00e9s a karok terhel\u00e9s\u00e9t. D-alak\u00fa foganty\u00fa: K\u00e9nyelmes haszn\u00e1latot biztos\u00edt. T\u00e1masz a tetej\u00e9n: Megk\u00f6nny\u00edti a szersz\u00e1m kem\u00e9ny talajba val\u00f3 behajt\u00e1s\u00e1t. fiskarsshop.hu M\u0171szaki adatok: Csal\u00e1d: [&hellip;]<\/p>\n","protected":false},"featured_media":1603,"template":"","meta":[],"product_brand":[122],"product_cat":[165],"product_tag":[],"class_list":{"0":"post-1602","1":"product","2":"type-product","3":"status-publish","4":"has-post-thumbnail","6":"product_brand-fiskars","7":"product_cat-keziszerszamok","9":"first","10":"instock","11":"shipping-taxable","12":"product-type-simple"},"_links":{"self":[{"href":"https:\/\/zengoalfold.hu\/index.php?rest_route=\/wp\/v2\/product\/1602","targetHints":{"allow":["GET"]}}],"collection":[{"href":"https:\/\/zengoalfold.hu\/index.php?rest_route=\/wp\/v2\/product"}],"about":[{"href":"https:\/\/zengoalfold.hu\/index.php?rest_route=\/wp\/v2\/types\/product"}],"wp:featuredmedia":[{"embeddable":true,"href":"https:\/\/zengoalfold.hu\/index.php?rest_route=\/wp\/v2\/media\/1603"}],"wp:attachment":[{"href":"https:\/\/zengoalfold.hu\/index.php?rest_route=%2Fwp%2Fv2%2Fmedia&parent=1602"}],"wp:term":[{"taxonomy":"product_brand","embeddable":true,"href":"https:\/\/zengoalfold.hu\/index.php?rest_route=%2Fwp%2Fv2%2Fproduct_brand&post=1602"},{"taxonomy":"product_cat","embeddable":true,"href":"https:\/\/zengoalfold.hu\/index.php?rest_route=%2Fwp%2Fv2%2Fproduct_cat&post=1602"},{"taxonomy":"product_tag","embeddable":true,"href":"https:\/\/zengoalfold.hu\/index.php?rest_route=%2Fwp%2Fv2%2Fproduct_tag&post=1602"}],"curies":[{"name":"wp","href":"https:\/\/api.w.org\/{rel}","templated":true}]}}